{"id":274,"date":"2021-01-28T17:40:27","date_gmt":"2021-01-28T17:40:27","guid":{"rendered":"http:\/\/michelle-affolter.de\/?page_id=274"},"modified":"2023-12-10T08:26:31","modified_gmt":"2023-12-10T08:26:31","slug":"wg-wirrwarr-2021","status":"publish","type":"page","link":"http:\/\/michelle-affolter.de\/?page_id=274","title":{"rendered":"WG WirrWarr (2021)"},"content":{"rendered":"\n<figure class=\"wp-block-image size-large\"><img loading=\"lazy\" decoding=\"async\" width=\"1024\" height=\"683\" src=\"http:\/\/michelle-affolter.de\/wp-content\/uploads\/2021\/11\/DSC1634-117-1024x683.jpg\" alt=\"\" class=\"wp-image-511\" srcset=\"http:\/\/michelle-affolter.de\/wp-content\/uploads\/2021\/11\/DSC1634-117-1024x683.jpg 1024w, http:\/\/michelle-affolter.de\/wp-content\/uploads\/2021\/11\/DSC1634-117-300x200.jpg 300w, http:\/\/michelle-affolter.de\/wp-content\/uploads\/2021\/11\/DSC1634-117-768x512.jpg 768w, http:\/\/michelle-affolter.de\/wp-content\/uploads\/2021\/11\/DSC1634-117-1536x1024.jpg 1536w, http:\/\/michelle-affolter.de\/wp-content\/uploads\/2021\/11\/DSC1634-117-2048x1365.jpg 2048w\" sizes=\"(max-width: 767px) 89vw, (max-width: 1000px) 54vw, (max-width: 1071px) 543px, 580px\" \/><figcaption class=\"wp-element-caption\">Credits: Jewgeni Roppl<\/figcaption><\/figure>\n\n\n\n<p class=\"has-background\" style=\"background-color:#c0d3e8\">Lichtflackern hinter den Fenstern, viele Stimmen im Garten. Und was ist das da oben im ersten Stock? Irgendwas ist anders in diesem Haus in der Nachbarschaft. Die WG WirrWarr ist eingezogen! F\u00fcnf Menschen zwischen 11 und 31 Jahren und eine Katze wohnen eine Woche lang als Wohngemeinschaft zusammen in einem Haus in Hamburg-Bergedorf. Wie sie ihr Zusammenleben gestalten und was in ihrer WG-Zeit passiert ist, zeigen sie euch in einer Performance in ihrem Haus. Wie wollen wir in Zukunft wohnen? Wer lebt in unserer Nachbarschaft? Wie viel Geld ist noch in der WG-Kasse? Und wer macht eigentlich den Abwasch? Ihr seid eingeladen, als G\u00e4ste in unseren R\u00e4umen Antworten auf Fragen rund ums Wohnen zu finden und zu suchen. Willkommen in der WG WirrWarr!<\/p>\n\n\n\n<p class=\"has-background\" style=\"background-color:#c0d3e8\"><strong>Performance zum transgenerationellen Zusammenleben.<br>Von und mit: <\/strong>Alisha Wieckstr\u00f6m, Chiara Fl\u00fcgel, Lara Zebrowski, Michelle Affolter, Nora Becker, Beratung &amp; Mitarbeit: Hanne Lenze-Lauch (Ausstattung), Henrik Rehn (Licht), Ruben Christiansen (Film)<\/p>\n\n\n\n<figure class=\"wp-block-gallery has-nested-images columns-default is-cropped wp-block-gallery-1 is-layout-flex wp-block-gallery-is-layout-flex\"><\/figure>\n\n\n\n<p class=\"has-background\" style=\"background-color:#c0d3e8\">WG WirrWarr ist eine Produktion von Flocker &amp; Lockig (Michelle Affolter\/Nora Becker) in Kooperation mit dem FUNDUS THEATER und mit freundlicher Unterst\u00fctzung des LOLA Kulturzentrums. Gef\u00f6rdert wird das Projekt von der Freien und Hansestadt Hamburg, Beh\u00f6rde f\u00fcr Kultur und Medien, und dem Bezirksamt Bergedorf.                                                                                                                                                                                    <\/p>\n\n\n\n<figure class=\"wp-block-gallery has-nested-images columns-default is-cropped wp-block-gallery-2 is-layout-flex wp-block-gallery-is-layout-flex\">\n<figure class=\"wp-block-image size-large\"><img loading=\"lazy\" decoding=\"async\" width=\"1024\" height=\"683\" data-id=\"530\" src=\"http:\/\/michelle-affolter.de\/wp-content\/uploads\/2021\/11\/DSC1229-3-1024x683.jpg\" alt=\"\" class=\"wp-image-530\" srcset=\"http:\/\/michelle-affolter.de\/wp-content\/uploads\/2021\/11\/DSC1229-3-1024x683.jpg 1024w, http:\/\/michelle-affolter.de\/wp-content\/uploads\/2021\/11\/DSC1229-3-300x200.jpg 300w, http:\/\/michelle-affolter.de\/wp-content\/uploads\/2021\/11\/DSC1229-3-768x512.jpg 768w, http:\/\/michelle-affolter.de\/wp-content\/uploads\/2021\/11\/DSC1229-3-1536x1024.jpg 1536w, http:\/\/michelle-affolter.de\/wp-content\/uploads\/2021\/11\/DSC1229-3-2048x1365.jpg 2048w\" sizes=\"(max-width: 767px) 89vw, (max-width: 1000px) 54vw, (max-width: 1071px) 543px, 580px\" \/><figcaption class=\"wp-element-caption\">c Jewgeni Roppl<\/figcaption><\/figure>\n<\/figure>\n\n\n\n<figure class=\"wp-block-image size-large\"><img loading=\"lazy\" decoding=\"async\" width=\"1024\" height=\"683\" src=\"http:\/\/michelle-affolter.de\/wp-content\/uploads\/2021\/11\/DSC1455-67-1024x683.jpg\" alt=\"\" class=\"wp-image-517\" srcset=\"http:\/\/michelle-affolter.de\/wp-content\/uploads\/2021\/11\/DSC1455-67-1024x683.jpg 1024w, http:\/\/michelle-affolter.de\/wp-content\/uploads\/2021\/11\/DSC1455-67-300x200.jpg 300w, http:\/\/michelle-affolter.de\/wp-content\/uploads\/2021\/11\/DSC1455-67-768x512.jpg 768w, http:\/\/michelle-affolter.de\/wp-content\/uploads\/2021\/11\/DSC1455-67-1536x1024.jpg 1536w, http:\/\/michelle-affolter.de\/wp-content\/uploads\/2021\/11\/DSC1455-67-2048x1365.jpg 2048w\" sizes=\"(max-width: 767px) 89vw, (max-width: 1000px) 54vw, (max-width: 1071px) 543px, 580px\" \/><figcaption class=\"wp-element-caption\">c Jewgeni Roppl <\/figcaption><\/figure>\n\n\n\n<p class=\"has-background\" style=\"background-color:#c0d3e8\"><strong>PRESSE <\/strong><\/p>\n\n\n\n<div class=\"wp-block-file\"><a id=\"wp-block-file--media-be496852-3af3-4481-87a6-54e62c348943\" href=\"http:\/\/michelle-affolter.de\/wp-content\/uploads\/2021\/11\/Bergedorfer-Zeitung-WG-WirrWarr_141021.pdf\">Vorschau Bergedorfer Zeitung 14.11.2021 <\/a><a href=\"http:\/\/michelle-affolter.de\/wp-content\/uploads\/2021\/11\/Bergedorfer-Zeitung-WG-WirrWarr_141021.pdf\" class=\"wp-block-file__button wp-element-button\" download aria-describedby=\"wp-block-file--media-be496852-3af3-4481-87a6-54e62c348943\">Herunterladen<\/a><\/div>\n\n\n\n<p><\/p>\n","protected":false},"excerpt":{"rendered":"<p>Lichtflackern hinter den Fenstern, viele Stimmen im Garten. Und was ist das da oben im ersten Stock? Irgendwas ist anders in diesem Haus in der Nachbarschaft. Die WG WirrWarr ist eingezogen! F\u00fcnf Menschen zwischen 11 und 31 Jahren und eine Katze wohnen eine Woche lang als Wohngemeinschaft zusammen in einem Haus in Hamburg-Bergedorf. Wie sie &hellip; <\/p>\n<p class=\"link-more\"><a href=\"http:\/\/michelle-affolter.de\/?page_id=274\" class=\"more-link\"><span class=\"screen-reader-text\">\u201eWG WirrWarr (2021)\u201c<\/span> weiterlesen<\/a><\/p>\n","protected":false},"author":1,"featured_media":0,"parent":0,"menu_order":0,"comment_status":"closed","ping_status":"closed","template":"","meta":{"footnotes":""},"_links":{"self":[{"href":"http:\/\/michelle-affolter.de\/index.php?rest_route=\/wp\/v2\/pages\/274"}],"collection":[{"href":"http:\/\/michelle-affolter.de\/index.php?rest_route=\/wp\/v2\/pages"}],"about":[{"href":"http:\/\/michelle-affolter.de\/index.php?rest_route=\/wp\/v2\/types\/page"}],"author":[{"embeddable":true,"href":"http:\/\/michelle-affolter.de\/index.php?rest_route=\/wp\/v2\/users\/1"}],"replies":[{"embeddable":true,"href":"http:\/\/michelle-affolter.de\/index.php?rest_route=%2Fwp%2Fv2%2Fcomments&post=274"}],"version-history":[{"count":14,"href":"http:\/\/michelle-affolter.de\/index.php?rest_route=\/wp\/v2\/pages\/274\/revisions"}],"predecessor-version":[{"id":671,"href":"http:\/\/michelle-affolter.de\/index.php?rest_route=\/wp\/v2\/pages\/274\/revisions\/671"}],"wp:attachment":[{"href":"http:\/\/michelle-affolter.de\/index.php?rest_route=%2Fwp%2Fv2%2Fmedia&parent=274"}],"curies":[{"name":"wp","href":"https:\/\/api.w.org\/{rel}","templated":true}]}}