{"id":276,"date":"2021-01-28T17:42:47","date_gmt":"2021-01-28T17:42:47","guid":{"rendered":"http:\/\/michelle-affolter.de\/?page_id=276"},"modified":"2023-12-10T08:22:27","modified_gmt":"2023-12-10T08:22:27","slug":"o-solitude-2021","status":"publish","type":"page","link":"http:\/\/michelle-affolter.de\/?page_id=276","title":{"rendered":"O Solitude! (2022)"},"content":{"rendered":"\n<p><strong><em>Eine interaktive Telefonperformance zum Thema Einsamkeit <\/em><\/strong><\/p>\n\n\n\n<figure class=\"wp-block-image size-large\"><img loading=\"lazy\" decoding=\"async\" width=\"1024\" height=\"1024\" src=\"http:\/\/michelle-affolter.de\/wp-content\/uploads\/2023\/12\/289275757_117354184337310_2237408786894691818_n-1024x1024.jpg\" alt=\"\" class=\"wp-image-647\" srcset=\"http:\/\/michelle-affolter.de\/wp-content\/uploads\/2023\/12\/289275757_117354184337310_2237408786894691818_n-1024x1024.jpg 1024w, http:\/\/michelle-affolter.de\/wp-content\/uploads\/2023\/12\/289275757_117354184337310_2237408786894691818_n-300x300.jpg 300w, http:\/\/michelle-affolter.de\/wp-content\/uploads\/2023\/12\/289275757_117354184337310_2237408786894691818_n-150x150.jpg 150w, http:\/\/michelle-affolter.de\/wp-content\/uploads\/2023\/12\/289275757_117354184337310_2237408786894691818_n-768x768.jpg 768w, http:\/\/michelle-affolter.de\/wp-content\/uploads\/2023\/12\/289275757_117354184337310_2237408786894691818_n-100x100.jpg 100w, http:\/\/michelle-affolter.de\/wp-content\/uploads\/2023\/12\/289275757_117354184337310_2237408786894691818_n.jpg 1080w\" sizes=\"(max-width: 767px) 89vw, (max-width: 1000px) 54vw, (max-width: 1071px) 543px, 580px\" \/><figcaption class=\"wp-element-caption\">c Jenny Bewer \/ Maximiliane Schmid <\/figcaption><\/figure>\n\n\n\n<p class=\"has-background\" style=\"background-color:#c0d3e8\">Ein Fr\u00fchlingsnachmittag. Du stehst ausger\u00fcstet mit einem Materialkit und einem Stadtplan vor dem Lichthof Theater und wartest auf den Start der Performance. Irgendwann klingelt dein Telefon. Am Apparat ist Alma. Sie ist 87 Jahre alt und f\u00fchrt dich in der folgenden<br>Stunde durch die Stra\u00dfen Altonas. O Solitude! ist eine Eins-zu-Eins-Performance, ein Spaziergang durch die Stadt, ein Telefongespr\u00e4ch. An einem Ende der Leitung ein<em>e Senior<\/em>in, der <em>die von ihrem Alltag im Heim erz\u00e4hlt, am anderen Ende ein<\/em>e Besucher<em>in der Performance, der<\/em> die w\u00e4hrend des Gespr\u00e4chs einer Route durch die Stadt folgt. In diesem Projekt erforschen wir Wohnerfahrungen von \u00e4lteren Menschen und machen sie f\u00fcr ein Publikum sinnlich erfahrbar. <br><br> Was l\u00e4sst du zur\u00fcck? Und was nimmst du mit?<br><br>Flocker&amp; Lockig (Michelle Stoop und Nora Becker) <br>in Kooperation mit dem LICHTHOF Theater Hamburg<br>Gef\u00f6rdert durch die Beh\u00f6rde f\u00fcr Kultur und Medien Hamburg und die Hamburgische Kulturstiftung <\/p>\n\n\n\n<p><\/p>\n\n\n\n<p><strong> Premiere: <\/strong> 02.07.2022 im LICHTHOF Theater Hamburg <\/p>\n\n\n\n<figure class=\"wp-block-gallery has-nested-images columns-default is-cropped wp-block-gallery-1 is-layout-flex wp-block-gallery-is-layout-flex\">\n<figure class=\"wp-block-image size-large\"><img loading=\"lazy\" decoding=\"async\" width=\"683\" height=\"1024\" data-id=\"642\" src=\"http:\/\/michelle-affolter.de\/wp-content\/uploads\/2023\/12\/solitude-6-683x1024.jpg\" alt=\"\" class=\"wp-image-642\" srcset=\"http:\/\/michelle-affolter.de\/wp-content\/uploads\/2023\/12\/solitude-6-683x1024.jpg 683w, http:\/\/michelle-affolter.de\/wp-content\/uploads\/2023\/12\/solitude-6-200x300.jpg 200w, http:\/\/michelle-affolter.de\/wp-content\/uploads\/2023\/12\/solitude-6-768x1152.jpg 768w, http:\/\/michelle-affolter.de\/wp-content\/uploads\/2023\/12\/solitude-6-1024x1536.jpg 1024w, http:\/\/michelle-affolter.de\/wp-content\/uploads\/2023\/12\/solitude-6.jpg 1365w\" sizes=\"(max-width: 683px) 100vw, 683px\" \/><figcaption class=\"wp-element-caption\"> c Jenny Bewer<\/figcaption><\/figure>\n\n\n\n<figure class=\"wp-block-image size-large\"><img loading=\"lazy\" decoding=\"async\" width=\"1024\" height=\"683\" data-id=\"643\" src=\"http:\/\/michelle-affolter.de\/wp-content\/uploads\/2023\/12\/solitude-1024x683.jpg\" alt=\"\" class=\"wp-image-643\" srcset=\"http:\/\/michelle-affolter.de\/wp-content\/uploads\/2023\/12\/solitude-1024x683.jpg 1024w, http:\/\/michelle-affolter.de\/wp-content\/uploads\/2023\/12\/solitude-300x200.jpg 300w, http:\/\/michelle-affolter.de\/wp-content\/uploads\/2023\/12\/solitude-768x512.jpg 768w, http:\/\/michelle-affolter.de\/wp-content\/uploads\/2023\/12\/solitude-1536x1024.jpg 1536w, http:\/\/michelle-affolter.de\/wp-content\/uploads\/2023\/12\/solitude.jpg 2048w\" sizes=\"(max-width: 767px) 89vw, (max-width: 1000px) 54vw, (max-width: 1071px) 543px, 580px\" \/><figcaption class=\"wp-element-caption\">c Jenny Bewer<\/figcaption><\/figure>\n\n\n\n<figure class=\"wp-block-image size-large\"><img loading=\"lazy\" decoding=\"async\" width=\"683\" height=\"1024\" data-id=\"641\" src=\"http:\/\/michelle-affolter.de\/wp-content\/uploads\/2023\/12\/solitude2-683x1024.jpg\" alt=\"\" class=\"wp-image-641\" srcset=\"http:\/\/michelle-affolter.de\/wp-content\/uploads\/2023\/12\/solitude2-683x1024.jpg 683w, http:\/\/michelle-affolter.de\/wp-content\/uploads\/2023\/12\/solitude2-200x300.jpg 200w, http:\/\/michelle-affolter.de\/wp-content\/uploads\/2023\/12\/solitude2-768x1152.jpg 768w, http:\/\/michelle-affolter.de\/wp-content\/uploads\/2023\/12\/solitude2-1024x1536.jpg 1024w, http:\/\/michelle-affolter.de\/wp-content\/uploads\/2023\/12\/solitude2.jpg 1365w\" sizes=\"(max-width: 683px) 100vw, 683px\" \/><figcaption class=\"wp-element-caption\">c Jenny Bewer<\/figcaption><\/figure>\n<\/figure>\n\n\n\n<p><\/p>\n\n\n\n<figure class=\"wp-block-gallery has-nested-images columns-default is-cropped wp-block-gallery-2 is-layout-flex wp-block-gallery-is-layout-flex\">\n<figure class=\"wp-block-image size-large\"><img loading=\"lazy\" decoding=\"async\" width=\"1024\" height=\"683\" data-id=\"644\" src=\"http:\/\/michelle-affolter.de\/wp-content\/uploads\/2023\/12\/solitude-3-1024x683.jpg\" alt=\"\" class=\"wp-image-644\" srcset=\"http:\/\/michelle-affolter.de\/wp-content\/uploads\/2023\/12\/solitude-3-1024x683.jpg 1024w, http:\/\/michelle-affolter.de\/wp-content\/uploads\/2023\/12\/solitude-3-300x200.jpg 300w, http:\/\/michelle-affolter.de\/wp-content\/uploads\/2023\/12\/solitude-3-768x512.jpg 768w, http:\/\/michelle-affolter.de\/wp-content\/uploads\/2023\/12\/solitude-3-1536x1024.jpg 1536w, http:\/\/michelle-affolter.de\/wp-content\/uploads\/2023\/12\/solitude-3.jpg 2048w\" sizes=\"(max-width: 767px) 89vw, (max-width: 1000px) 54vw, (max-width: 1071px) 543px, 580px\" \/><figcaption class=\"wp-element-caption\">c Jenny Bewer<\/figcaption><\/figure>\n\n\n\n<figure class=\"wp-block-image size-large\"><img loading=\"lazy\" decoding=\"async\" width=\"1024\" height=\"683\" data-id=\"645\" src=\"http:\/\/michelle-affolter.de\/wp-content\/uploads\/2023\/12\/solitude-4-1024x683.jpg\" alt=\"\" class=\"wp-image-645\" srcset=\"http:\/\/michelle-affolter.de\/wp-content\/uploads\/2023\/12\/solitude-4-1024x683.jpg 1024w, http:\/\/michelle-affolter.de\/wp-content\/uploads\/2023\/12\/solitude-4-300x200.jpg 300w, http:\/\/michelle-affolter.de\/wp-content\/uploads\/2023\/12\/solitude-4-768x512.jpg 768w, http:\/\/michelle-affolter.de\/wp-content\/uploads\/2023\/12\/solitude-4-1536x1024.jpg 1536w, http:\/\/michelle-affolter.de\/wp-content\/uploads\/2023\/12\/solitude-4.jpg 2048w\" sizes=\"(max-width: 767px) 89vw, (max-width: 1000px) 54vw, (max-width: 1071px) 543px, 580px\" \/><figcaption class=\"wp-element-caption\">c Jenny Bewer<\/figcaption><\/figure>\n\n\n\n<figure class=\"wp-block-image size-large\"><img loading=\"lazy\" decoding=\"async\" width=\"1024\" height=\"683\" data-id=\"646\" src=\"http:\/\/michelle-affolter.de\/wp-content\/uploads\/2023\/12\/solitude-5-1024x683.jpg\" alt=\"\" class=\"wp-image-646\" srcset=\"http:\/\/michelle-affolter.de\/wp-content\/uploads\/2023\/12\/solitude-5-1024x683.jpg 1024w, http:\/\/michelle-affolter.de\/wp-content\/uploads\/2023\/12\/solitude-5-300x200.jpg 300w, http:\/\/michelle-affolter.de\/wp-content\/uploads\/2023\/12\/solitude-5-768x512.jpg 768w, http:\/\/michelle-affolter.de\/wp-content\/uploads\/2023\/12\/solitude-5-1536x1024.jpg 1536w, http:\/\/michelle-affolter.de\/wp-content\/uploads\/2023\/12\/solitude-5.jpg 2048w\" sizes=\"(max-width: 767px) 89vw, (max-width: 1000px) 54vw, (max-width: 1071px) 543px, 580px\" \/><figcaption class=\"wp-element-caption\">c Jenny Bewer<\/figcaption><\/figure>\n<\/figure>\n","protected":false},"excerpt":{"rendered":"<p>Eine interaktive Telefonperformance zum Thema Einsamkeit Ein Fr\u00fchlingsnachmittag. Du stehst ausger\u00fcstet mit einem Materialkit und einem Stadtplan vor dem Lichthof Theater und wartest auf den Start der Performance. Irgendwann klingelt dein Telefon. Am Apparat ist Alma. Sie ist 87 Jahre alt und f\u00fchrt dich in der folgendenStunde durch die Stra\u00dfen Altonas. O Solitude! ist eine &hellip; <\/p>\n<p class=\"link-more\"><a href=\"http:\/\/michelle-affolter.de\/?page_id=276\" class=\"more-link\"><span class=\"screen-reader-text\">\u201eO Solitude! (2022)\u201c<\/span> weiterlesen<\/a><\/p>\n","protected":false},"author":1,"featured_media":0,"parent":0,"menu_order":0,"comment_status":"closed","ping_status":"closed","template":"","meta":{"footnotes":""},"_links":{"self":[{"href":"http:\/\/michelle-affolter.de\/index.php?rest_route=\/wp\/v2\/pages\/276"}],"collection":[{"href":"http:\/\/michelle-affolter.de\/index.php?rest_route=\/wp\/v2\/pages"}],"about":[{"href":"http:\/\/michelle-affolter.de\/index.php?rest_route=\/wp\/v2\/types\/page"}],"author":[{"embeddable":true,"href":"http:\/\/michelle-affolter.de\/index.php?rest_route=\/wp\/v2\/users\/1"}],"replies":[{"embeddable":true,"href":"http:\/\/michelle-affolter.de\/index.php?rest_route=%2Fwp%2Fv2%2Fcomments&post=276"}],"version-history":[{"count":10,"href":"http:\/\/michelle-affolter.de\/index.php?rest_route=\/wp\/v2\/pages\/276\/revisions"}],"predecessor-version":[{"id":669,"href":"http:\/\/michelle-affolter.de\/index.php?rest_route=\/wp\/v2\/pages\/276\/revisions\/669"}],"wp:attachment":[{"href":"http:\/\/michelle-affolter.de\/index.php?rest_route=%2Fwp%2Fv2%2Fmedia&parent=276"}],"curies":[{"name":"wp","href":"https:\/\/api.w.org\/{rel}","templated":true}]}}