{"id":288,"date":"2021-01-28T17:48:27","date_gmt":"2021-01-28T17:48:27","guid":{"rendered":"http:\/\/michelle-affolter.de\/?page_id=288"},"modified":"2021-02-07T13:37:29","modified_gmt":"2021-02-07T13:37:29","slug":"alcina-2017","status":"publish","type":"page","link":"http:\/\/michelle-affolter.de\/?page_id=288","title":{"rendered":"Alcina (2017)"},"content":{"rendered":"\n<p class=\"has-background\" style=\"background-color:#c0d3e8\">ALCINA<br><br>Oper von Georg Friedrich H\u00e4ndel<br>Gek\u00fcrzte Fassung<br>Studienprojekt 3, opera stabile, Premiere: 01.11.2017<\/p>\n\n\n\n<figure class=\"wp-block-gallery columns-3 is-cropped wp-block-gallery-1 is-layout-flex wp-block-gallery-is-layout-flex\"><ul class=\"blocks-gallery-grid\"><li class=\"blocks-gallery-item\"><figure><img loading=\"lazy\" decoding=\"async\" width=\"1024\" height=\"682\" src=\"http:\/\/michelle-affolter.de\/wp-content\/uploads\/2021\/02\/23213351_891857827654066_6483187923652255234_o-1024x682.jpg\" alt=\"\" data-id=\"328\" data-link=\"http:\/\/michelle-affolter.de\/?attachment_id=328\" class=\"wp-image-328\" srcset=\"http:\/\/michelle-affolter.de\/wp-content\/uploads\/2021\/02\/23213351_891857827654066_6483187923652255234_o-1024x682.jpg 1024w, http:\/\/michelle-affolter.de\/wp-content\/uploads\/2021\/02\/23213351_891857827654066_6483187923652255234_o-300x200.jpg 300w, http:\/\/michelle-affolter.de\/wp-content\/uploads\/2021\/02\/23213351_891857827654066_6483187923652255234_o-768x512.jpg 768w, http:\/\/michelle-affolter.de\/wp-content\/uploads\/2021\/02\/23213351_891857827654066_6483187923652255234_o.jpg 1280w\" sizes=\"(max-width: 767px) 89vw, (max-width: 1000px) 54vw, (max-width: 1071px) 543px, 580px\" \/><\/figure><\/li><li class=\"blocks-gallery-item\"><figure><img loading=\"lazy\" decoding=\"async\" width=\"682\" height=\"1024\" src=\"http:\/\/michelle-affolter.de\/wp-content\/uploads\/2021\/02\/23215784_891855850987597_5351340527256170181_o-682x1024.jpg\" alt=\"\" data-id=\"329\" data-link=\"http:\/\/michelle-affolter.de\/?attachment_id=329\" class=\"wp-image-329\" srcset=\"http:\/\/michelle-affolter.de\/wp-content\/uploads\/2021\/02\/23215784_891855850987597_5351340527256170181_o-682x1024.jpg 682w, http:\/\/michelle-affolter.de\/wp-content\/uploads\/2021\/02\/23215784_891855850987597_5351340527256170181_o-200x300.jpg 200w, http:\/\/michelle-affolter.de\/wp-content\/uploads\/2021\/02\/23215784_891855850987597_5351340527256170181_o-768x1154.jpg 768w, http:\/\/michelle-affolter.de\/wp-content\/uploads\/2021\/02\/23215784_891855850987597_5351340527256170181_o-1022x1536.jpg 1022w, http:\/\/michelle-affolter.de\/wp-content\/uploads\/2021\/02\/23215784_891855850987597_5351340527256170181_o.jpg 1363w\" sizes=\"(max-width: 682px) 100vw, 682px\" \/><\/figure><\/li><li class=\"blocks-gallery-item\"><figure><img loading=\"lazy\" decoding=\"async\" width=\"682\" height=\"1024\" src=\"http:\/\/michelle-affolter.de\/wp-content\/uploads\/2021\/02\/23270244_891859594320556_6983703534723937863_o-682x1024.jpg\" alt=\"\" data-id=\"330\" data-link=\"http:\/\/michelle-affolter.de\/?attachment_id=330\" class=\"wp-image-330\" srcset=\"http:\/\/michelle-affolter.de\/wp-content\/uploads\/2021\/02\/23270244_891859594320556_6983703534723937863_o-682x1024.jpg 682w, http:\/\/michelle-affolter.de\/wp-content\/uploads\/2021\/02\/23270244_891859594320556_6983703534723937863_o-200x300.jpg 200w, http:\/\/michelle-affolter.de\/wp-content\/uploads\/2021\/02\/23270244_891859594320556_6983703534723937863_o-768x1152.jpg 768w, http:\/\/michelle-affolter.de\/wp-content\/uploads\/2021\/02\/23270244_891859594320556_6983703534723937863_o.jpg 853w\" sizes=\"(max-width: 682px) 100vw, 682px\" \/><\/figure><\/li><li class=\"blocks-gallery-item\"><figure><img loading=\"lazy\" decoding=\"async\" width=\"1024\" height=\"662\" src=\"http:\/\/michelle-affolter.de\/wp-content\/uploads\/2021\/02\/23275386_891857377654111_1516606470637097677_o-1024x662.jpg\" alt=\"\" data-id=\"331\" data-link=\"http:\/\/michelle-affolter.de\/?attachment_id=331\" class=\"wp-image-331\" srcset=\"http:\/\/michelle-affolter.de\/wp-content\/uploads\/2021\/02\/23275386_891857377654111_1516606470637097677_o-1024x662.jpg 1024w, http:\/\/michelle-affolter.de\/wp-content\/uploads\/2021\/02\/23275386_891857377654111_1516606470637097677_o-300x194.jpg 300w, http:\/\/michelle-affolter.de\/wp-content\/uploads\/2021\/02\/23275386_891857377654111_1516606470637097677_o-768x496.jpg 768w, http:\/\/michelle-affolter.de\/wp-content\/uploads\/2021\/02\/23275386_891857377654111_1516606470637097677_o.jpg 1280w\" sizes=\"(max-width: 767px) 89vw, (max-width: 1000px) 54vw, (max-width: 1071px) 543px, 580px\" \/><\/figure><\/li><li class=\"blocks-gallery-item\"><figure><img loading=\"lazy\" decoding=\"async\" width=\"315\" height=\"315\" src=\"http:\/\/michelle-affolter.de\/wp-content\/uploads\/2021\/02\/23213483_891858214320694_489259466793833316_o.jpg\" alt=\"\" data-id=\"333\" data-full-url=\"http:\/\/michelle-affolter.de\/wp-content\/uploads\/2021\/02\/23213483_891858214320694_489259466793833316_o.jpg\" data-link=\"http:\/\/michelle-affolter.de\/?attachment_id=333\" class=\"wp-image-333\" srcset=\"http:\/\/michelle-affolter.de\/wp-content\/uploads\/2021\/02\/23213483_891858214320694_489259466793833316_o.jpg 315w, http:\/\/michelle-affolter.de\/wp-content\/uploads\/2021\/02\/23213483_891858214320694_489259466793833316_o-300x300.jpg 300w, http:\/\/michelle-affolter.de\/wp-content\/uploads\/2021\/02\/23213483_891858214320694_489259466793833316_o-150x150.jpg 150w, http:\/\/michelle-affolter.de\/wp-content\/uploads\/2021\/02\/23213483_891858214320694_489259466793833316_o-100x100.jpg 100w\" sizes=\"(max-width: 315px) 100vw, 315px\" \/><\/figure><\/li><\/ul><\/figure>\n\n\n\n<p class=\"has-background\" style=\"background-color:#c0d3e8\"><strong>Regie<\/strong> Michelle Affolter<br><strong>Musikalische Leitung<\/strong> Yu Sugimoto<br><strong>B\u00fchne <\/strong>Marvin Ott<br><strong>Kost\u00fcm<\/strong> Anne-Kathrin Gebrande<br><strong>Dramaturgie<\/strong> Natalie Widmer<br><strong>Korrepetition<\/strong> Kenichiro Kojima<br><strong>Regieassistenz <\/strong>Lara Yilmaz<br><strong>B\u00fchnenbildassistenz <\/strong>Annika Bethke<br><strong>Kost\u00fcmassistenz <\/strong>Marlen Duken<br><strong>Inspizienz<\/strong> Johanne Elisabeth Holten<br><strong>Alcina<\/strong> Freja Sandkamm<br><strong>Ruggiero <\/strong>Gabriel Jang<br><strong>Bradamante <\/strong>Alina Behning<br><strong>Morgana <\/strong>Marlen Korf<br><strong>Instrumentalist*innen<\/strong> der HfMT Hamburg<br><\/p>\n","protected":false},"excerpt":{"rendered":"<p>ALCINA Oper von Georg Friedrich H\u00e4ndelGek\u00fcrzte FassungStudienprojekt 3, opera stabile, Premiere: 01.11.2017 Regie Michelle AffolterMusikalische Leitung Yu SugimotoB\u00fchne Marvin OttKost\u00fcm Anne-Kathrin GebrandeDramaturgie Natalie WidmerKorrepetition Kenichiro KojimaRegieassistenz Lara YilmazB\u00fchnenbildassistenz Annika BethkeKost\u00fcmassistenz Marlen DukenInspizienz Johanne Elisabeth HoltenAlcina Freja SandkammRuggiero Gabriel JangBradamante Alina BehningMorgana Marlen KorfInstrumentalist*innen der HfMT Hamburg<\/p>\n","protected":false},"author":1,"featured_media":0,"parent":0,"menu_order":0,"comment_status":"closed","ping_status":"closed","template":"","meta":{"footnotes":""},"_links":{"self":[{"href":"http:\/\/michelle-affolter.de\/index.php?rest_route=\/wp\/v2\/pages\/288"}],"collection":[{"href":"http:\/\/michelle-affolter.de\/index.php?rest_route=\/wp\/v2\/pages"}],"about":[{"href":"http:\/\/michelle-affolter.de\/index.php?rest_route=\/wp\/v2\/types\/page"}],"author":[{"embeddable":true,"href":"http:\/\/michelle-affolter.de\/index.php?rest_route=\/wp\/v2\/users\/1"}],"replies":[{"embeddable":true,"href":"http:\/\/michelle-affolter.de\/index.php?rest_route=%2Fwp%2Fv2%2Fcomments&post=288"}],"version-history":[{"count":5,"href":"http:\/\/michelle-affolter.de\/index.php?rest_route=\/wp\/v2\/pages\/288\/revisions"}],"predecessor-version":[{"id":381,"href":"http:\/\/michelle-affolter.de\/index.php?rest_route=\/wp\/v2\/pages\/288\/revisions\/381"}],"wp:attachment":[{"href":"http:\/\/michelle-affolter.de\/index.php?rest_route=%2Fwp%2Fv2%2Fmedia&parent=288"}],"curies":[{"name":"wp","href":"https:\/\/api.w.org\/{rel}","templated":true}]}}

<p class="has-background" style="background-color:#c0d3e8">ALCINA<br><br>Oper von Georg Friedrich Händel<br>Gekürzte Fassung<br>Studienprojekt 3, opera stabile, Premiere: 01.11.2017</p>



<figure class="wp-block-gallery columns-3 is-cropped wp-block-gallery-1 is-layout-flex wp-block-gallery-is-layout-flex"><ul class="blocks-gallery-grid"><li class="blocks-gallery-item"><figure><img loading="lazy" decoding="async" width="1024" height="682" src="http://michelle-affolter.de/wp-content/uploads/2021/02/23213351_891857827654066_6483187923652255234_o-1024x682.jpg" alt="" data-id="328" data-link="http://michelle-affolter.de/?attachment_id=328" class="wp-image-328" srcset="http://michelle-affolter.de/wp-content/uploads/2021/02/23213351_891857827654066_6483187923652255234_o-1024x682.jpg 1024w, http://michelle-affolter.de/wp-content/uploads/2021/02/23213351_891857827654066_6483187923652255234_o-300x200.jpg 300w, http://michelle-affolter.de/wp-content/uploads/2021/02/23213351_891857827654066_6483187923652255234_o-768x512.jpg 768w, http://michelle-affolter.de/wp-content/uploads/2021/02/23213351_891857827654066_6483187923652255234_o.jpg 1280w" sizes="(max-width: 767px) 89vw, (max-width: 1000px) 54vw, (max-width: 1071px) 543px, 580px" /></figure></li><li class="blocks-gallery-item"><figure><img loading="lazy" decoding="async" width="682" height="1024" src="http://michelle-affolter.de/wp-content/uploads/2021/02/23215784_891855850987597_5351340527256170181_o-682x1024.jpg" alt="" data-id="329" data-link="http://michelle-affolter.de/?attachment_id=329" class="wp-image-329" srcset="http://michelle-affolter.de/wp-content/uploads/2021/02/23215784_891855850987597_5351340527256170181_o-682x1024.jpg 682w, http://michelle-affolter.de/wp-content/uploads/2021/02/23215784_891855850987597_5351340527256170181_o-200x300.jpg 200w, http://michelle-affolter.de/wp-content/uploads/2021/02/23215784_891855850987597_5351340527256170181_o-768x1154.jpg 768w, http://michelle-affolter.de/wp-content/uploads/2021/02/23215784_891855850987597_5351340527256170181_o-1022x1536.jpg 1022w, http://michelle-affolter.de/wp-content/uploads/2021/02/23215784_891855850987597_5351340527256170181_o.jpg 1363w" sizes="(max-width: 682px) 100vw, 682px" /></figure></li><li class="blocks-gallery-item"><figure><img loading="lazy" decoding="async" width="682" height="1024" src="http://michelle-affolter.de/wp-content/uploads/2021/02/23270244_891859594320556_6983703534723937863_o-682x1024.jpg" alt="" data-id="330" data-link="http://michelle-affolter.de/?attachment_id=330" class="wp-image-330" srcset="http://michelle-affolter.de/wp-content/uploads/2021/02/23270244_891859594320556_6983703534723937863_o-682x1024.jpg 682w, http://michelle-affolter.de/wp-content/uploads/2021/02/23270244_891859594320556_6983703534723937863_o-200x300.jpg 200w, http://michelle-affolter.de/wp-content/uploads/2021/02/23270244_891859594320556_6983703534723937863_o-768x1152.jpg 768w, http://michelle-affolter.de/wp-content/uploads/2021/02/23270244_891859594320556_6983703534723937863_o.jpg 853w" sizes="(max-width: 682px) 100vw, 682px" /></figure></li><li class="blocks-gallery-item"><figure><img loading="lazy" decoding="async" width="1024" height="662" src="http://michelle-affolter.de/wp-content/uploads/2021/02/23275386_891857377654111_1516606470637097677_o-1024x662.jpg" alt="" data-id="331" data-link="http://michelle-affolter.de/?attachment_id=331" class="wp-image-331" srcset="http://michelle-affolter.de/wp-content/uploads/2021/02/23275386_891857377654111_1516606470637097677_o-1024x662.jpg 1024w, http://michelle-affolter.de/wp-content/uploads/2021/02/23275386_891857377654111_1516606470637097677_o-300x194.jpg 300w, http://michelle-affolter.de/wp-content/uploads/2021/02/23275386_891857377654111_1516606470637097677_o-768x496.jpg 768w, http://michelle-affolter.de/wp-content/uploads/2021/02/23275386_891857377654111_1516606470637097677_o.jpg 1280w" sizes="(max-width: 767px) 89vw, (max-width: 1000px) 54vw, (max-width: 1071px) 543px, 580px" /></figure></li><li class="blocks-gallery-item"><figure><img loading="lazy" decoding="async" width="315" height="315" src="http://michelle-affolter.de/wp-content/uploads/2021/02/23213483_891858214320694_489259466793833316_o.jpg" alt="" data-id="333" data-full-url="http://michelle-affolter.de/wp-content/uploads/2021/02/23213483_891858214320694_489259466793833316_o.jpg" data-link="http://michelle-affolter.de/?attachment_id=333" class="wp-image-333" srcset="http://michelle-affolter.de/wp-content/uploads/2021/02/23213483_891858214320694_489259466793833316_o.jpg 315w, http://michelle-affolter.de/wp-content/uploads/2021/02/23213483_891858214320694_489259466793833316_o-300x300.jpg 300w, http://michelle-affolter.de/wp-content/uploads/2021/02/23213483_891858214320694_489259466793833316_o-150x150.jpg 150w, http://michelle-affolter.de/wp-content/uploads/2021/02/23213483_891858214320694_489259466793833316_o-100x100.jpg 100w" sizes="(max-width: 315px) 100vw, 315px" /></figure></li></ul></figure>



<p class="has-background" style="background-color:#c0d3e8"><strong>Regie</strong> Michelle Affolter<br><strong>Musikalische Leitung</strong> Yu Sugimoto<br><strong>Bühne </strong>Marvin Ott<br><strong>Kostüm</strong> Anne-Kathrin Gebrande<br><strong>Dramaturgie</strong> Natalie Widmer<br><strong>Korrepetition</strong> Kenichiro Kojima<br><strong>Regieassistenz </strong>Lara Yilmaz<br><strong>Bühnenbildassistenz </strong>Annika Bethke<br><strong>Kostümassistenz </strong>Marlen Duken<br><strong>Inspizienz</strong> Johanne Elisabeth Holten<br><strong>Alcina</strong> Freja Sandkamm<br><strong>Ruggiero </strong>Gabriel Jang<br><strong>Bradamante </strong>Alina Behning<br><strong>Morgana </strong>Marlen Korf<br><strong>Instrumentalist*innen</strong> der HfMT Hamburg<br></p>

<p>ALCINA Oper von Georg Friedrich HändelGekürzte FassungStudienprojekt 3, opera stabile, Premiere: 01.11.2017 Regie Michelle AffolterMusikalische Leitung Yu SugimotoBühne Marvin OttKostüm Anne-Kathrin GebrandeDramaturgie Natalie WidmerKorrepetition Kenichiro KojimaRegieassistenz Lara YilmazBühnenbildassistenz Annika BethkeKostümassistenz Marlen DukenInspizienz Johanne Elisabeth HoltenAlcina Freja SandkammRuggiero Gabriel JangBradamante Alina BehningMorgana Marlen KorfInstrumentalist*innen der HfMT Hamburg</p>
